ivided by 47?
44
Let x = 25 - -16. Suppose -5 = -11*p + 12*p, 5*b - p - 410 = 0. What is the remainder when b is divided by x?
40
Let p(v) = 17*v + 18. Let a be p(12). Let n = a + -108. Calculate the remainder when n is divided by 17.
12
Suppose -3*i + 60 = 5*f, -i + 7 = -f - 5. Suppose 2*a - 5*n - 37 = 0, 3*n - 2*n - i = -a. Calculate the remainder when a is divided by 3.
1
Suppose -3*n - 2*o = -596, -10*o + 789 = 4*n - 13*o. What is the remainder when n is divided by 8?
6
Suppose 13 + 19 = 4*g. Calculate the remainder when 71 is divided by g.
7
Suppose 109 = 11*w - 34. Let u(g) = -g**3 - 4*g**2 + 4*g - 6. Let z be u(-5). Let j = z - -5. What is the remainder when w is divided by j?
1
Let c = -76 + 97. Let f(a) = a**2 - 4*a - 4. Let x be f(6). Suppose -j + 3*m = -8, -j + 4*m = -x - 0. What is the remainder when c is divided by j?
5
Let w = -1436 - -1465. What is the remainder when 58 is divided by w?
0
Suppose 16*x - 121 = -9. What is the remainder when 59 is divided by x?
3
Calculate the remainder when 2/12*(-1356)/(-2) is divided by 34.
11
Let v be -2 + 6 + 0 - -4. Let x be -8 + v + (2 - 2). Suppose x = 2*l - 12 + 4. What is the remainder when 4 is divided by l?
0
Let d = 16 - 9. Suppose v - 5 = -5*k, -4*k + d*k = 5*v - 53. Calculate the remainder when 147 is divided by v.
7
Suppose 312 = 15*p - 63. What is the remainder when 41 is divided by p?
16
Let r(y) = y**3 - 8*y**2 + 4*y + 17. Let h be r(7). Let v be 4*-4*h/16. Suppose o = 6*o + 4*t - 26, -t = -v. What is the remainder when 7 is divided by o?
1
Let y = 3757 - 3745. Suppose 5*k - 70 - 160 = 0. Calculate the remainder when k is divided by y.
10
Suppose 1877 - 547 = 19*m. Calculate the remainder when 418 is divided by m.
68
Let p(o) = 2*o + 34. Let g be p(-11). What is the remainder when ((-160)/g)/(4/(-6)) is divided by 7?
6
Suppose -4*g + 562 + 254 = 0. What is the remainder when g is divided by 35?
29
Let w(u) = u**2 - 56*u - 35. What is the remainder when w(57) is divided by (7*1)/(-5 + 6)?
1
Let y(q) = -q**2 - 6*q - 3. Let l be y(-4). Suppose 3*u - l = 7. Calculate the remainder when 11 is divided by u.
3
Suppose 6*g - 37 = 1751. Calculate the remainder when g is divided by 30.
28
Let x be 560/7*(-4)/(-5). Let k = x - 53. Suppose 20 = 2*s - s. Calculate the remainder when s is divided by k.
9
Suppose -79*z + 51*z = -2744. Calculate the remainder when 379 is divided by z.
85
Let b(l) = -l**3 - 2*l**2 + 6*l + 4. Let f be ((-4)/14)/(1/(-21)). Suppose 18 + f = -6*a. Calculate the remainder when b(a) is divided by 7.
5
Let s(p) = 12*p + 1. Let n(l) = -25*l - 1. Let r(t) = -2*n(t) - 5*s(t). What is the remainder when 46 is divided by r(-2)?
12
Suppose -6 - 9 = -5*r. Let l(g) = 9*g - 11. Calculate the remainder when l(r) is divided by 5.
1
Let m(p) = p**2 + 3*p - 19. What is the remainder when (-8)/52 - (-275)/13 is divided by m(4)?
3
Let s = 22 - 46. Let o = 45 + s. Calculate the remainder when o is divided by 6.
3
Suppose -9*b - 10 = -4*b. Calculate the remainder when 42 - (b - -1)/1 is divided by 15.
13
Suppose -5*g + 77 = -43. Let c = -21 + g. Suppose -c*i + 59 = 3*t - 10, 5*t + i = 119. Calculate the remainder when 46 is divided by t.
22
Let p = -17 + 153. Let r = -87 + p. Calculate the remainder when r is divided by 17.
15
Let i(q) = 3*q**2 + 22*q - 44. Calculate the remainder when 18 is divided by i(2).
6
Let v be 1/(2/6) - 0. Suppose -24 = -v*h - 0*h. Let x(k) = -3*k + 9. Calculate the remainder when x(-7) is divided by h.
6
Let y(v) = v**2 + 8*v - 9. Suppose 0 = h - 3 - 1. Suppose x - h*x = -3*f - 30, 0 = 5*f. What is the remainder when y(4) is divided by x?
9
Suppose 12*i - 248 = 796. Calculate the remainder when i is divided by 24.
15
Calculate the remainder when 414 + (-1 - 3) + 2 is divided by 26.
22
Suppose -5*y = -3*o + 51, o - 6*o - 2*y = -54. Let g = -8 + 29. Calculate the remainder when g is divided by o.
9
Let y = -240 - -272. Calculate the remainder when 123 is divided by y.
27
Let v(a) = -a**2 + a. Let d(c) = -5*c**2 - 3*c - 9. Let f(y) = d(y) - 4*v(y). Let n be f(-5). Calculate the remainder when 20 is divided by 8 + 2 + (-2 - n).
6
Let m = 6 - -21. Let a(w) = -w**3 + 5*w**2 + 5*w - 3. Let s be a(3). Suppose 5*y - s = -5*t, 4*y - t - 48 = t. What is the remainder when m is divided by y?
7
Let m(b) = 87*b - 100. Calculate the remainder when m(14) is divided by 70.
68
Let i(q) = 12 - q**3 - 7 - 9*q + 14*q. Let f = 6 + 4. Calculate the remainder when i(-4) is divided by f.
9
Suppose 3*l = 4*i + 567, 2*l + 2*i - 919 = -3*l. What is the remainder when l is divided by 94?
91
Let v = -6 - 3. Let x be v/6*240/9. Let w = 64 + x. Calculate the remainder when 95 is divided by w.
23
Suppose 4*g + 3*t + 7 = 0, g + 3*t + 13 = -0. Suppose -50 = -g*o + o. Let j = 29 + -16. What is the remainder when o is divided by j?
11
Suppose 104*a - 100*a = -3*w + 149, 23 = w - 4*a. Calculate the remainder when w is divided by 10.
3
Let u(a) = a**2 - 43*a + 31. What is the remainder when 303 is divided by u(43)?
24
Let y(t) = -t**3 + 9*t**2 - 10*t - 1. Calculate the remainder when y(5) is divided by -1 + 5/((-10)/(-52)).
24
Suppose 11*w - 13*w - 918 = 0. What is the remainder when 2*(w/(-6) + -4) is divided by 25?
20
Let w(i) = -2*i**3 + 12*i**2 + 14*i + 7. What is the remainder when 204 is divided by w(7)?
1
Let q = 153 + -137. Calculate the remainder when 73 is divided by q.
9
Let i = -56 - -61. Suppose -3*u + 2*t - 7*t + 180 = 0, i*t + 340 = 5*u. What is the remainder when u is divided by 22?
21
Suppose -2 + 72 = -5*n. Let p = -7 + n. Let u = -10 - p. What is the remainder when 32 is divided by u?
10
Let n = -41 - -88. Suppose 2*o + 25 = n. What is the remainder when 185 is divided by o?
9
Let f(r) = -r**3 + 5*r**2 - 1. Let m(a) = a**2 - 7*a + 6. Calculate the remainder when m(-6) is divided by f(3).
16
Let d = 225 - 214. Suppose -9 = b - 5*g - 70, 2*b = 3*g + 94. What is the remainder when b is divided by d?
8
Suppose 0 = 8*a - 54 - 66. What is the remainder when 25 is divided by a/((-3 - (-2 + 1)) + 3)?
10
Suppose 17*i - 452 = 211. Calculate the remainder when 192 is divided by i.
36
Let a(d) = d**3 - 49*d**2 + 51*d - 59. Calculate the remainder when 234 is divided by a(48).
64
Suppose 0*f + 4*m = -2*f + 566, -5*f + 1480 = -3*m. Calculate the remainder when f is divided by 74.
71
Let z = 258 + -183. Let d = 99 - z. What is the remainder when 91 is divided by d?
19
Suppose 10*q - 22*q + 984 = 0. What is the remainder when q is divided by 8?
2
Let i(k) be the first derivative of k**2 + 4*k + 1. Calculate the remainder when ((-22)/110 + (-598)/10)*-1 is divided by i(6).
12
What is the remainder when 268 is divided by -45*7/(21/(-2))?
28
Let i = -337 + 351. Calculate the remainder when 136/4 - (-2 - -5) is divided by i.
3
Let h(y) = -y**3 - 11*y**2 - 15*y - 31. Calculate the remainder when 113 is divided by h(-10).
18
Let o(h) = -11*h + 3. Let q be o(1). Let k = 25 + q. Calculate the remainder when 32 is divided by k.
15
What is the remainder when (-50 - -6 - 6)/(-2) is divided by 3?
1
Suppose 0 = 4*v - 12. Suppose 0 = 4*j - 4*w - 40 - 16, -v*j - 3*w + 12 = 0. Calculate the remainder when 33 is divided by j.
6
Suppose 14*j - 28*j + 322 = 0. What is the remainder when 156 is divided by j?
18
Let k = 30 + -12. Suppose -k*h - 84 = -20*h. What is the remainder when 166 is divided by h?
40
Let w = -13 + 37. Let d = -16 + 5. Let a = w + d. What is the remainder when 49 is divided by a?
10
Suppose -3*d - 4*u = 1, -3*d = u - 1 - 1. Let h be (-7)/((0 + d)*-1). Let a(b) = -b**2 + 8*b + 1. Calculate the remainder when 39 is divided by a(h).
7
Suppose -15*u + 5*o - 49 = -17*u, 5*u - 3*o = 45. Calculate the remainder when 22 is divided by u.
10
Suppose 0 = u - 3, -4*u + 5 = -3*y - 16. What is the remainder when -1*(y - 200/5) is divided by 9?
7
Let h = 25 + 4. Suppose -2*r + 3*t - 23 = -4*r, 4*t = -2*r + 28. Suppose 4*o + 16 = 2*s, -5*o + 45 = -0*s + r*s. Calculate the remainder when h is divided by s.
9
Let v = 27 + -5. Let t(y) = 14*y**2 - 14 - 13*y**2 + 12*y + 43. Calculate the remainder when t(-13) is divided by v.
20
Let n = 1157 - 719. What is the remainder when n is divided by 7?
4
Suppose -47*y - 1897 + 9464 = 0. What is the remainder when y is divided by 72?
17
Suppose -3*n - 99 = -5*j, 0*n +